{"id":165,"date":"2024-09-20T23:26:58","date_gmt":"2024-09-20T21:26:58","guid":{"rendered":"http:\/\/socks.gastout.be\/?page_id=165"},"modified":"2024-09-20T23:29:00","modified_gmt":"2024-09-20T21:29:00","slug":"intervenants","status":"publish","type":"page","link":"https:\/\/socks.gastout.be\/index.php\/intervenants\/","title":{"rendered":"Intervenants"},"content":{"rendered":"\n<div class=\"wp-block-buttons is-layout-flex wp-block-buttons-is-layout-flex\">\n<div class=\"wp-block-button\"><a class=\"wp-block-button__link wp-element-button\" href=\"https:\/\/socks.gastout.be\/index.php\/intervenant\/\">Nouveau<\/a><\/div>\n<\/div>\n\n\n<p><!-- FRM-VIEW 163 state=\"AqZ\/ODG5HJpsxisY2C+\/qzBD6ycVh\/hGtOsVMFNEUtkYU8tZ\/EXQjFM9AClafoERgYp9\/WvjSE7dE1167zy2SMDVQjXYWuIE3VxDZk2WM62lRMyOlB+w+kXgVKGDa9p8s5IykqKJ+GPrCB8fLA2klw==\" refresh=\"1\" --><\/p>\n<div class=\"frm_grid_container with_frm_style frm-grid-view\" style=\"--v-tl-border-color: #000000;--v-tl-font-size: 14px;--v-tl-line-height: 14px;--v-tl-grid-column:span 12\/span 12;grid-gap: 20px 1%;\">\n<div>\n<div class=\"frm_grid_container\">\n<div class=\"frm12\">Nom de l&rsquo;intervenant : Mr Carlos<\/div>\n<\/div>\n<div class=\"frm_grid_container\">\n<div class=\"frm6\">qualit\u00e9 de Entrepreneur agr\u00e9\u00e9<\/div>\n<div class=\"frm6\"><\/div>\n<\/div>\n<div class=\"frm_grid_container\">\n<div class=\"frm12\">Prix horaire : <\/div>\n<\/div>\n<div class=\"frm_grid_container\">\n<div class=\"frm12\"><button><\/button><\/div>\n<\/div>\n<\/div>\n<div>\n<div class=\"frm_grid_container\">\n<div class=\"frm12\">Nom de l&rsquo;intervenant : Benoit<\/div>\n<\/div>\n<div class=\"frm_grid_container\">\n<div class=\"frm6\">qualit\u00e9 de ?, Propri\u00e9taire<\/div>\n<div class=\"frm6\"><\/div>\n<\/div>\n<div class=\"frm_grid_container\">\n<div class=\"frm12\">Prix horaire : <\/div>\n<\/div>\n<div class=\"frm_grid_container\">\n<div class=\"frm12\"><button><\/button><\/div>\n<\/div>\n<\/div>\n<div>\n<div class=\"frm_grid_container\">\n<div class=\"frm12\">Nom de l&rsquo;intervenant : Pascale<\/div>\n<\/div>\n<div class=\"frm_grid_container\">\n<div class=\"frm6\">qualit\u00e9 de ?, Propri\u00e9taire<\/div>\n<div class=\"frm6\"><\/div>\n<\/div>\n<div class=\"frm_grid_container\">\n<div class=\"frm12\">Prix horaire : <\/div>\n<\/div>\n<div class=\"frm_grid_container\">\n<div class=\"frm12\"><button><\/button><\/div>\n<\/div>\n<\/div>\n<div>\n<div class=\"frm_grid_container\">\n<div class=\"frm12\">Nom de l&rsquo;intervenant : Muriel<\/div>\n<\/div>\n<div class=\"frm_grid_container\">\n<div class=\"frm6\">qualit\u00e9 de ?, Propri\u00e9taire<\/div>\n<div class=\"frm6\"><\/div>\n<\/div>\n<div class=\"frm_grid_container\">\n<div class=\"frm12\">Prix horaire : <\/div>\n<\/div>\n<div class=\"frm_grid_container\">\n<div class=\"frm12\"><button><\/button><\/div>\n<\/div>\n<\/div>\n<div>\n<div class=\"frm_grid_container\">\n<div class=\"frm12\">Nom de l&rsquo;intervenant : Philippe et son aide<\/div>\n<\/div>\n<div class=\"frm_grid_container\">\n<div class=\"frm6\">qualit\u00e9 de ?, Organisateur de chantier, superviseur de travaux, Entrepreneur agr\u00e9\u00e9, ma\u00e7on, Plombier, carreleur<\/div>\n<div class=\"frm6\"><\/div>\n<\/div>\n<div class=\"frm_grid_container\">\n<div class=\"frm12\">Prix horaire : 30<\/div>\n<\/div>\n<div class=\"frm_grid_container\">\n<div class=\"frm12\"><button><\/button><\/div>\n<\/div>\n<\/div>\n<div>\n<div class=\"frm_grid_container\">\n<div class=\"frm12\">Nom de l&rsquo;intervenant : Philippe<\/div>\n<\/div>\n<div class=\"frm_grid_container\">\n<div class=\"frm6\">qualit\u00e9 de ?, Propri\u00e9taire, Organisateur de chantier, superviseur de travaux<\/div>\n<div class=\"frm6\"><\/div>\n<\/div>\n<div class=\"frm_grid_container\">\n<div class=\"frm12\">Prix horaire : 30<\/div>\n<\/div>\n<div class=\"frm_grid_container\">\n<div class=\"frm12\"><button><\/button><\/div>\n<\/div>\n<\/div>\n<div>\n<div class=\"frm_grid_container\">\n<div class=\"frm12\">Nom de l&rsquo;intervenant : Kimi<\/div>\n<\/div>\n<div class=\"frm_grid_container\">\n<div class=\"frm6\">qualit\u00e9 de ?, Organisateur de chantier, superviseur de travaux<\/div>\n<div class=\"frm6\"><\/div>\n<\/div>\n<div class=\"frm_grid_container\">\n<div class=\"frm12\">Prix horaire : 30<\/div>\n<\/div>\n<div class=\"frm_grid_container\">\n<div class=\"frm12\"><button><\/button><\/div>\n<\/div>\n<\/div>\n<\/div>\n<div class=\"frm_pagination_cont frm_hidden\"><\/div>\n\n\n\n<p><\/p>\n","protected":false},"excerpt":{"rendered":"","protected":false},"author":1,"featured_media":0,"parent":0,"menu_order":0,"comment_status":"closed","ping_status":"closed","template":"","meta":{"footnotes":""},"class_list":["post-165","page","type-page","status-publish","hentry"],"_links":{"self":[{"href":"https:\/\/socks.gastout.be\/index.php\/wp-json\/wp\/v2\/pages\/165","targetHints":{"allow":["GET"]}}],"collection":[{"href":"https:\/\/socks.gastout.be\/index.php\/wp-json\/wp\/v2\/pages"}],"about":[{"href":"https:\/\/socks.gastout.be\/index.php\/wp-json\/wp\/v2\/types\/page"}],"author":[{"embeddable":true,"href":"https:\/\/socks.gastout.be\/index.php\/wp-json\/wp\/v2\/users\/1"}],"replies":[{"embeddable":true,"href":"https:\/\/socks.gastout.be\/index.php\/wp-json\/wp\/v2\/comments?post=165"}],"version-history":[{"count":2,"href":"https:\/\/socks.gastout.be\/index.php\/wp-json\/wp\/v2\/pages\/165\/revisions"}],"predecessor-version":[{"id":168,"href":"https:\/\/socks.gastout.be\/index.php\/wp-json\/wp\/v2\/pages\/165\/revisions\/168"}],"wp:attachment":[{"href":"https:\/\/socks.gastout.be\/index.php\/wp-json\/wp\/v2\/media?parent=165"}],"curies":[{"name":"wp","href":"https:\/\/api.w.org\/{rel}","templated":true}]}}