{"id":551,"date":"2025-04-14T12:13:51","date_gmt":"2025-04-14T10:13:51","guid":{"rendered":"https:\/\/socks.gastout.be\/?page_id=551"},"modified":"2025-04-14T12:13:51","modified_gmt":"2025-04-14T10:13:51","slug":"551-2","status":"publish","type":"page","link":"https:\/\/socks.gastout.be\/index.php\/551-2\/","title":{"rendered":""},"content":{"rendered":"<div class=\"frm_forms  with_frm_style frm_style_big-text\" id=\"frm_form_47_container\" data-token=\"7e8b2323d1450922aef178c2dfee55b1\">\n<form enctype=\"multipart\/form-data\" method=\"post\" class=\"frm-show-form  frm_pro_form \" id=\"form_documents\" data-token=\"7e8b2323d1450922aef178c2dfee55b1\">\n<div class=\"frm_form_fields \">\n<fieldset>\n<legend class=\"frm_screen_reader\">Documents<\/legend>\n\n<div class=\"frm_fields_container\">\n<input type=\"hidden\" name=\"frm_action\" value=\"create\" \/>\n<input type=\"hidden\" name=\"form_id\" value=\"47\" \/>\n<input type=\"hidden\" name=\"frm_hide_fields_47\" id=\"frm_hide_fields_47\" value=\"\" \/>\n<input type=\"hidden\" name=\"form_key\" value=\"documents\" \/>\n<input type=\"hidden\" name=\"item_meta[0]\" value=\"\" \/>\n<input type=\"hidden\" id=\"frm_submit_entry_47\" name=\"frm_submit_entry_47\" value=\"7a45d784da\" \/><input type=\"hidden\" name=\"_wp_http_referer\" value=\"\/index.php\/wp-json\/wp\/v2\/pages\/551\" \/><div id=\"frm_field_505_container\" class=\"frm_form_field form-field  frm_top_container\">\n\t<label for=\"field_mggkq\" id=\"field_mggkq_label\" class=\"frm_primary_label\">Titre du document\n\t\t<span class=\"frm_required\" aria-hidden=\"true\"><\/span>\n\t<\/label>\n\t<input type=\"text\" id=\"field_mggkq\" name=\"item_meta[505]\" value=\"\"  data-invmsg=\"Titre du document est non valide\" aria-invalid=\"false\"  \/>\n\t\n\t\n<\/div>\n<div id=\"frm_field_506_container\" class=\"frm_form_field form-field  frm_top_container\">\n\t<label for=\"field_kq1ai\" id=\"field_kq1ai_label\" class=\"frm_primary_label\">Intervenants\n\t\t<span class=\"frm_required\" aria-hidden=\"true\"><\/span>\n\t<\/label>\n\t<input type=\"text\" id=\"field_kq1ai\" name=\"item_meta[506]\" value=\"\"  data-invmsg=\"Intervenants est non valide\" aria-invalid=\"false\"  \/>\n\t\n\t\n<\/div>\n<div id=\"frm_field_507_container\" class=\"frm_form_field form-field  frm_top_container\">\n\t<label for=\"field_f3b6o\" id=\"field_f3b6o_label\" class=\"frm_primary_label\">Date de publication\n\t\t<span class=\"frm_required\" aria-hidden=\"true\"><\/span>\n\t<\/label>\n\t<input type=\"text\" id=\"field_f3b6o\" name=\"item_meta[507]\" value=\"\"  maxlength=\"10\" data-invmsg=\"Date de publication est non valide\" class=\"frm_date\" aria-invalid=\"false\"  \/>\n\t\n\t\n<\/div>\n<div id=\"frm_field_508_container\" class=\"frm_form_field form-field  frm_top_container\">\n\t<label for=\"field_x814q\" id=\"field_x814q_label\" class=\"frm_primary_label\">Contenu\n\t\t<span class=\"frm_required\" aria-hidden=\"true\"><\/span>\n\t<\/label>\n\t<input type=\"hidden\"  data-invmsg=\"Contenu est non valide\" aria-invalid=\"false\"   name=\"item_meta[508]\"  value=\"\" data-frmfile=\"508\" \/>\n\n<div class=\"frm_dropzone frm_single_upload frm_clearfix\" id=\"file508_dropzone\" role=\"group\" >\n\t<div class=\"fallback\">\n\t\t<input type=\"file\" name=\"file508\" id=\"field_x814q\"\n\t\t\t data-invmsg=\"Contenu est non valide\" aria-invalid=\"false\"  \t\t\t\/>\n\t\t\t\t<div class=\"frm_clearfix \"><\/div>\n\t<\/div>\n\t<div class=\"dz-message needsclick\">\n\t\t\t\t<svg  viewBox=\"0 0 18 18\" class=\"frmsvg frm-svg-icon\">\n\t<path viewBox=\"0 0 18 18\" fill-rule=\"evenodd\" clip-rule=\"evenodd\" d=\"M8.2 4v8a.8.8 0 001.5 0V4l2.1 2.2A.7.7 0 1013 5L9.5 1.7a.7.7 0 00-1.1 0L5.1 5.2a.8.8 0 001 1l2.1-2zm7.6 4.3c.4 0 .7.3.7.7v6.8c0 .4-.3.7-.8.7H2.3a.8.8 0 01-.8-.8V9A.8.8 0 013 9v6h12V9c0-.4.3-.8.8-.8z\"><\/path>\n<\/svg>\t\t<span class=\"frm_upload_text\"><button type=\"button\" aria-label=\"Contenu. D\u00e9poser un fichier ici ou cliquer pour t\u00e9l\u00e9charger. Taille de fichier maximale\u00a0: 134.22MB\">D\u00e9poser un fichier ici ou cliquer pour t\u00e9l\u00e9charger<\/button><\/span>\n\t\t<span class=\"frm_compact_text\"><button type=\"button\" aria-label=\"Contenu. Choisir un fichier. Taille de fichier maximale\u00a0: 134.22MB\">Choisir un fichier<\/button><\/span>\n\t\t<div class=\"frm_small_text\">\n\t\t\t<p>Taille de fichier maximale\u00a0: 134.22MB<\/p>\n\t\t<\/div>\n\t<\/div>\n<\/div>\n\t\n\t\n\t\n<\/div>\n<div id=\"frm_field_504_container\" class=\"frm_form_field form-field \">\n\t<div class=\"frm_submit frm_flex\">\n<button class=\"frm_button_submit frm_final_submit\" type=\"submit\"  >Envoyer<\/button>\n\n\n\n<\/div>\n<\/div>\n\t<input type=\"hidden\" name=\"item_key\" value=\"\" \/>\n\t\t\t\t<div class=\"frm__66dddce0ef5be\">\n\t\t\t\t<label for=\"frm_email_47\" >\n\t\t\t\t\tSi vous \u00eates un humain, ne remplissez pas ce champ.\t\t\t\t<\/label>\n\t\t\t\t<input  id=\"frm_email_47\" type=\"text\" class=\"frm_verify\" name=\"frm__66dddce0ef5be\" value=\"\" autocomplete=\"off\"  \/>\n\t\t\t<\/div>\n\t\t<input name=\"frm_state\" type=\"hidden\" value=\"4ktbWYQMzHWQI0Y6NAtj7p21C+JIbDFf14lSPlaVLM4=\" \/><\/div>\n<\/fieldset>\n<\/div>\n\n<\/form>\n<\/div>\n","protected":false},"excerpt":{"rendered":"","protected":false},"author":1,"featured_media":0,"parent":0,"menu_order":0,"comment_status":"closed","ping_status":"closed","template":"","meta":{"footnotes":""},"class_list":["post-551","page","type-page","status-publish","hentry"],"_links":{"self":[{"href":"https:\/\/socks.gastout.be\/index.php\/wp-json\/wp\/v2\/pages\/551","targetHints":{"allow":["GET"]}}],"collection":[{"href":"https:\/\/socks.gastout.be\/index.php\/wp-json\/wp\/v2\/pages"}],"about":[{"href":"https:\/\/socks.gastout.be\/index.php\/wp-json\/wp\/v2\/types\/page"}],"author":[{"embeddable":true,"href":"https:\/\/socks.gastout.be\/index.php\/wp-json\/wp\/v2\/users\/1"}],"replies":[{"embeddable":true,"href":"https:\/\/socks.gastout.be\/index.php\/wp-json\/wp\/v2\/comments?post=551"}],"version-history":[{"count":1,"href":"https:\/\/socks.gastout.be\/index.php\/wp-json\/wp\/v2\/pages\/551\/revisions"}],"predecessor-version":[{"id":552,"href":"https:\/\/socks.gastout.be\/index.php\/wp-json\/wp\/v2\/pages\/551\/revisions\/552"}],"wp:attachment":[{"href":"https:\/\/socks.gastout.be\/index.php\/wp-json\/wp\/v2\/media?parent=551"}],"curies":[{"name":"wp","href":"https:\/\/api.w.org\/{rel}","templated":true}]}}